+ -4 + -15.
9
What is (-3 - (1 + -2)) + 4?
2
What is the value of (2 - 0) + -3 + (0 - -6)?
5
What is the value of (-10 - (0 - 2)) + 0?
-8
What is 6 + -1 + (2 - 2)?
5
Evaluate 2 + -3 + (-3 - (-6 + 2)).
0
What is (5 - (0 + 5 - 4)) + -2?
2
What is 3 + -4 + -7 + 4?
-4
Calculate (-12 - -2) + -10 + 9 + 4.
-7
Evaluate -11 + (3 - -2) - -3.
-3
What is the value of (-3 - (6 + -9 + 4)) + 4?
0
Calculate (0 - 0 - 0) + -7 + 7.
0
What is 1 + (-1 + -4 - (-15 - -11))?
0
Evaluate -9 + (-10 - -4 - -2 - -8).
-5
What is the value of 1 + -1 + 3 - (-4 + 0)?
7
(6 - -1) + -5 + 0 + 0
2
What is the value of 5 + -11 - (-10 + 3)?
1
Evaluate -6 + 1 - (-9 + 0).
4
(-16 - -14) + 9 + -2 + -1
4
Calculate 10 + (-3 + -12 + 6 - -4).
5
What is the value of 1 + 6 + 4 + -13?
-2
What is the value of -3 - (3 - 2) - -2?
-2
Calculate -2 + -5 - (-1 - (1 + -2)).
-7
What is the value of -26 - -29 - (-3 - -2)?
4
What is the value of 3 + (-5 - 0) - 6?
-8
What is 5 + -2 + -9 + 2 + 1?
-3
Calculate (-3 - 1) + -3 + -8 + 14.
-1
Evaluate 3 + (5 - (3 - -1)) + -5.
-1
Calculate -3 + -1 + 0 + (-4 - -9).
1
Calculate -6 + 4 + (-5 - -6) - 5.
-6
What is the value of (-1 - -7 - 8) + -4 + 1?
-5
What is 10 + -14 + (0 - -5) - -1?
2
What is (-9 - -4) + (13 + -8 - 5)?
-5
What is -2 - (3 + (-2 + 1 - -1))?
-5
Evaluate -1 + 1 - (-6 + 1).
5
What is (3 - 2) + (3 - 9)?
-5
Evaluate (6 - (-2 + 1)) + (-3 - 1).
3
What is 2 + 2 + (-2 - 3)?
-1
-1 + -9 + 1 + 4 + 5
0
(1 - -1) + -6 + 9
5
Calculate 3 + (-6 - (2 - 0)).
-5
What is the value of 0 + 1 + 2 + (44 - 53)?
-6
Calculate 0 - -6 - (-1 + 5).
2
Evaluate 16 + -14 - (-3 - -11).
-6
What is -1 - 0 - (-2 - -6 - 9)?
4
What is 1 - -7 - (12 - (-13 + 28))?
11
Calculate -4 + -2 + -4 + 4 + 7.
1
What is -11 - -4 - 0 - -5?
-2
Evaluate -3 + (6 - 1) + 9 + -16.
-5
What is the value of 4 + (-7 + 4 - 1)?
0
Evaluate (11 - (10 - -7)) + 7.
1
What is the value of 4 + (-1 - 9) + 0?
-6
-4 - ((0 - 5) + 0)
1
(13 - 18) + (5 - 3) + 1
-2
Evaluate -5 + 6 + (15 - 25).
-9
What is 1 + -4 + -1 + 8?
4
-4 - (-10 - (-5 - -4))
5
Evaluate 6 + 2 + (-3 - 1).
4
Calculate 2 + 2 - (0 + 4) - -2.
2
What is the value of 8 + (-5 - (2 - 0))?
1
What is the value of 4 + 4 + (-3 - -10 - 13)?
2
What is the value of 6 + -3 + (-1 - -1) + 0?
3
Evaluate 6 - (6 + -9 + (0 - -2)).
7
-4 - (-7 + (9 - 2))
-4
Calculate 4 - (3 + 0 - 3 - -3).
1
Calculate (6 - 6) + -5 + 1 + -1.
-5
-4 - (10 + -9) - -3
-2
Evaluate (-1 + -1 - 1) + (-191 - -193).
-1
Calculate (-2 - -1) + 3 + (0 - 3).
-1
-2 + -8 + -5 + 24
9
What is 4 + 2 + -6 + -2?
-2
18 + -6 + 9 + -29
-8
10 + -14 - (-11 + 6)
1
What is the value of 11 + -8 + 8 + -8?
3
What is -1 - (1 - 4 - -2)?
0
What is -10 + 11 + 4 + -7?
-2
Evaluate (0 - (4 - 7 - 2)) + 3.
8
What is (-1 - 3) + -4 + 4?
-4
What is the value of 3 + (0 - 4 - 0)?
-1
What is 4 - (-5 - -8 - (-1 + 3))?
3
What is (-4 - 1) + (27 - 11) + -14?
-3
6 + (6 - (7 - -2)) + -7
-4
Evaluate -4 - ((2 - 0) + -4).
-2
What is the value of -2 + -1 + -4 + 9?
2
8 + (-10 - (-5 + 10)) + 2
-5
Evaluate 3 + (1 - 2) + -4 + 2.
0
Calculate 13 + -5 - (4 + 1 + -1).
4
What is the value of (-10 - (-28 + 30)) + (0 - -2)?
-10
2 - ((4 - 4) + -6 + 2)
6
What is -3 - -8 - -4 - 9?
0
What is the value of -4 + 3 - (-1 - (8 - 5))?
3
What is -10 + 9 + 1 + -3?
-3
What is 12 + (-1 - 7 - -1)?
5
Evaluate 2 - (0 - 1 - (3 + -4)).
2
Calculate 5 + 0 + -10 + 6.
1
Calculate (8 - 4) + 5 - 15.
-6
What is the value of 7 + -6 + -1 + -1 + -3?
-4
What is (-15 - -9) + -4 + (8 - 4)?
-6
Calculate (-20 - -1 - -4) + 7 - 3.
-11
Evaluate 1 - (8 - 15 - -7).
1
What is (4 - (22 + -10)) + 11?
3
Evaluate (10 - 21 - 1) + 3.
-9
What is (13 - (5 + 0)) + (-4 - -1)?
5
What is the value of -3 + 9 - -1 - 3?
4
Calculate 1 + (1 - 5) - 0.
-3
Evaluate (4 - 8) + 4 + (-1 - 1).
-2
What is the value of 12 - (6 + -3 + 7)?
2
What is -7 + (12 - -6 - 7)?
4
Calculate 16 - 21 - (2 + -3).
-4
Evaluate -12 + 1 + (2 - -4).
-5
0 + -5 + -1 + 3 + 0
-3
What is the value of -1 - -7 - (7 - -9 - 3)?
-7
(2 - (-8 - -1)) + (-8 - -4)
5
Calculate (-17 - -1) + (-19 - -32).
-3
Calculate 4 + 5 + -15 + -1 + 6.
-1
What is 3 + -4 - 0 - (-37 + 41)?
-5
-1 - (1 + 1) - (-3 + 2)
-2
What is the value of (3 - 1) + -2 + -5 + 2?
-3
What is 2 + -2 - -7 - (76 + -73)?
4
Evaluate (-2 - -1) + 0 - -5.
4
What is 14 - (14 + (-7 - 0))?
7
Evaluate 2 + -12 + -15 + 20 - 4.
-9
Evaluate -16 + 9 + -1 + (3 - -2).
-3
Evaluate -3 - (-3 + 4) - 0.
-4
6 - (1 + (-1 - -4))
2
Evaluate 1 + (-4 - 1) + 2.
-2
Evaluate 12 - (7 + -5) - 15.
-5
Evaluate -4 + 1 - (17 + (6 - 20)).
-6
Evaluate -3 + -1 - (21 + -20).
-5
Evaluate -3 + 2 + 1 - (2 + -2).
0
4 + 18 + -10 + -2
10
-3 + 4 + -3 + 4 + 2
4
What is the value of -4 + 2 + (-3 + 1 - -1)?
-3
Calculate -6 + 12 + -6 - 2.
-2
Calculate -1 - -3 - (2 - (-6 - -2)).
-4
(10 - -1) + (-11 - -23 - 17)
6
What is the value of 5 - (-1 - -11) - -7?
2
What is (-1 - 1) + (-4 - 0 - -2)?
-4
Calculate 4 + -8 + 14 - 10.
0
-8 + 2 + (-1 - -2) - -3
-2
6 - 6 - (5 + -6)
1
Evaluate 2 + 0 + 6 + -6.
2
What is the value of (-1 - 5) + (4 - 0)?
-2
Evaluate (-4 - (10 - 11)) + -1.
-4
What is (0 - -4) + (0 - 6)?
-2
Evaluate 0 + 3 + -17 + 10.
-4
(1 - (11 - 4)) + (-1 - -10)
3
Calculate 4 - 1 - 5 - -4.
2
What is 1 - 0 - (-24 + 25) - -5?
5
What is the value of -1 + 2 - (14 - 10)?
-3
9 + (14 + -7 - 18)
-2
What is the value of -7 - ((1 + -5 - 1) + 2)?
-4
-1 + 0 + 4 - 1
2
What is -22 + 14 + 2 - (-13 + 0)?
7
Calculate (1 - -3 - -7) + -13.
-2
Evaluate -1 + (-2 + 5 - 4).
-2
What is 3 + (-3 - 4) - (17 + -22)?
1
Evaluate (5 - 5 - 3) + -3.
-6
Calculate 3 - (6 + -6 + -2).
5
-16 + 27 + -6 + -1 + -2
2
6 + -1 + 9 + (-36 - -27)
5
Evaluate (3 - -3) + -8 - (0 + 1).
-3
Evaluate (-10 - -27) + -8 + -2.
7
What is the value of 4 + (-6 - -2) + -1?
-1
-3 + -1 + 4 - -1
1
What is -7 + (-1 - -1) - -2?
-5
Evaluate 4 + -5 + -2 + (2 - 1).
-2
What is -1 - 11 - (61 + -69)?
-4
Calculate (-7 - -11) + (-5 - -1).
0
What is (-3 - 0) + (10 - (1 - 0))?
6
What is 10 + (-6 - -8) + -13?
-1
Calculate -1 + 4 - -1 - 4.
0
What is the value of 3 - 4 - (5 + -3)?
-3
5 + -8 - (0 + 0)
-3
-4 + 6 - (9 - 4)
-3
4 + (2 - 0) + 9 + -15
0
Evaluate 0 + (0 - (0 - 2)) + -5.
-3
What is 0 - (-3 + 0 - 1)?
4
9 + -1 + (1 - 2) + -1
6
What is the value of -7 + 7 + -4 + 3?
-1
Evaluate -17 - (-13 - -11 - 9).
-6
(7 - 7) + -2 + 6
4
Evaluate -2 - -5 - (38 + -32).
-3
Calculate 117 + -124 - (-6 - 0).
-1
Evaluate (10 + -6 - 1 - 13) + 6.
-4
Evaluate 7 + -10 + (1 - -1).
-1
Evaluate (-2 - -1) + (-12 - -8) - -1.
-4
What is -1 - (12 - (3 - 1) - 6)?
-5
What is the value of 10 - 0 - (-47 - -54)?
3
What is the value of -3 + 3 - -4 - 1 - 5?
-2
Evaluate 5 + (-4 + 5 + 0 - 4).
2
Calculate (5 - (18 - 9)) + 0 + 6.
2
What is (3 - (6 - (2 - 0))) + -3?
-4
Calculate (-8 - (-8 - -5)) + 9.
4
What is the value of -1 + -5 - -1 - 0?
-5
-5 + (-6 + (0 - -4) - -9)
2
What is (0 - -2) + 5 + 3 + -8?
2
What is (2 + 2 - -4) + -3 + 0?
5
-1 - 1 - (0 - (14 + -7))
5
Calculate 5 - -2 - (14 + -8).
1
What is (-2 - (1 + 1 + -3)) + 6?
5
-3 + 3 + (2 - 8)
-6
What is -1 + 4 + (-4 - 5)?
-6
Evaluate -10 - -2 - 3 - -9.
-2
What is the value of (5 - 2) + 3 + (-11 - -2)?
-3
3 + (-3 - 2) + -2
-4
What is the value of 6 - (1 + -1) - 2?
4
Calculate (15 - 9) + 0 + -12.
-6
What is -8 + -1 - (-1 + -3 - 0)?
-5
What is 1 - 0 - (22 - 23)?
2
What is the value of -111 + 113 - (-1 - (1 - 4))?
0
Evaluate -1 - (8 + 1 - 4) - -6.
0
1 + -1 + (65 - 62)
3
Calculate -7 + 5 + (0 - (-7 + 3)).
2
What is 4 + -6 + (-8 - -8)?
-2
What is -7 + (7 - (-10 + 6))?
4
Evaluate (3 - 8) + -6 - -6.
-5
Calculate 4 + 3 + (-4 - 1).
2
Evaluate 7 + -6 + 7 - (3 + 3).
2
Evaluate (-6 - (4 - 10)) + -6.
-6
What is (-8 + 14 - -1) + -4?
3
What is the value of (5 - 5 - -2) + -3 + 4?
3
Evaluate 5 + -2 + 0 + -6 - 1.
-4
What is 0 - -1 - (-7 - (-6 + 1))?
3
-2 + (3 - 6) - -6
1
What is (5 - 2) + -6 - -5?
2
What is the value of (0 - -1) + (9 - 8)?
2
What is the value of -12 + 22 + -12 + 1?
-1
What is the value of -3 + 1 + (6 - 4) + 1?
1
Calculate (-1 - -1) + -1 + 5.
4
What is -23 + 23 + (-10 - 2) - -6?
-6
What is -29 + 31 + (3 - -2)?
7
Evaluate -14 + 4 + (-1 - (-6 + 1)).
-6
Calculate -8 + 0 + -1 - -2.
-7
Evaluate -3 + (-2 - (-2 + -5 + 1)).
1
Calculate 15 + -5 - 6 - (9 + -1).
-4
0 - (-1 - (3 - 3))
1
Evaluate -2 - 6 - -1 - (-90 - -87).
-4
What is the value of 0 + -8 - (-2 + (-9 - -6))?
-3
What is the value of 0 - -1 - (6 + -7) - 1?
1
What is (-3 - 1) + 0 + 